1?
3, 59
What are the prime factors of 18494?
2, 7, 1321
What are the prime factors of 1136?
2, 71
List the prime factors of 644.
2, 7, 23
List the prime factors of 155336.
2, 19417
What are the prime factors of 727?
727
What are the prime factors of 14209?
13, 1093
What are the prime factors of 102158?
2, 7, 7297
What are the prime factors of 4085?
5, 19, 43
List the prime factors of 57683.
37, 1559
What are the prime factors of 11771?
79, 149
What are the prime factors of 118322?
2, 67, 883
List the prime factors of 72124.
2, 13, 19, 73
List the prime factors of 2293.
2293
List the prime factors of 3769.
3769
What are the prime factors of 131516?
2, 7, 11, 61
List the prime factors of 586.
2, 293
List the prime factors of 94001.
23, 61, 67
List the prime factors of 460.
2, 5, 23
What are the prime factors of 2390?
2, 5, 239
What are the prime factors of 7415?
5, 1483
What are the prime factors of 2193?
3, 17, 43
What are the prime factors of 17333?
17333
What are the prime factors of 86005?
5, 103, 167
What are the prime factors of 1162?
2, 7, 83
List the prime factors of 1701.
3, 7
List the prime factors of 28413.
3, 7, 11, 41
List the prime factors of 1823.
1823
List the prime factors of 492.
2, 3, 41
What are the prime factors of 3424?
2, 107
What are the prime factors of 20252?
2, 61, 83
What are the prime factors of 796?
2, 199
What are the prime factors of 66340?
2, 5, 31, 107
What are the prime factors of 7056?
2, 3, 7
What are the prime factors of 15682?
2, 7841
List the prime factors of 15969.
3, 5323
What are the prime factors of 6040?
2, 5, 151
List the prime factors of 17161.
131
What are the prime factors of 22067?
22067
List the prime factors of 48.
2, 3
What are the prime factors of 16122?
2, 3, 2687
List the prime factors of 24671.
24671
What are the prime factors of 1171?
1171
List the prime factors of 855.
3, 5, 19
What are the prime factors of 8236?
2, 29, 71
List the prime factors of 45883.
17, 2699
What are the prime factors of 6600?
2, 3, 5, 11
What are the prime factors of 2003?
2003
What are the prime factors of 25662?
2, 3, 7, 13, 47
What are the prime factors of 4857?
3, 1619
What are the prime factors of 6164?
2, 23, 67
List the prime factors of 259.
7, 37
List the prime factors of 24.
2, 3
List the prime factors of 71.
71
What are the prime factors of 190?
2, 5, 19
List the prime factors of 118343.
118343
List the prime factors of 9525.
3, 5, 127
What are the prime factors of 2899?
13, 223
What are the prime factors of 33590?
2, 5, 3359
List the prime factors of 31901.
19, 23, 73
What are the prime factors of 4112?
2, 257
List the prime factors of 237.
3, 79
What are the prime factors of 102539?
102539
List the prime factors of 1777.
1777
List the prime factors of 5583.
3, 1861
List the prime factors of 1243.
11, 113
What are the prime factors of 15193?
15193
List the prime factors of 428.
2, 107
What are the prime factors of 596?
2, 149
List the prime factors of 17547.
3, 5849
List the prime factors of 4881.
3, 1627
What are the prime factors of 273?
3, 7, 13
What are the prime factors of 3316?
2, 829
List the prime factors of 13667.
79, 173
List the prime factors of 32969.
32969
What are the prime factors of 1995?
3, 5, 7, 19
List the prime factors of 362.
2, 181
What are the prime factors of 3134?
2, 1567
What are the prime factors of 3687?
3, 1229
List the prime factors of 45724.
2, 7, 23, 71
List the prime factors of 56785.
5, 41, 277
List the prime factors of 1078.
2, 7, 11
List the prime factors of 3512.
2, 439
What are the prime factors of 11208?
2, 3, 467
What are the prime factors of 3299?
3299
List the prime factors of 2059.
29, 71
List the prime factors of 2651.
11, 241
List the prime factors of 91037.
59, 1543
List the prime factors of 94047.
3, 23, 29, 47
List the prime factors of 26675.
5, 11, 97
List the prime factors of 890.
2, 5, 89
List the prime factors of 18991.
7, 2713
List the prime factors of 1238.
2, 619
List the prime factors of 2487.
3, 829
What are the prime factors of 1832?
2, 229
List the prime factors of 403.
13, 31
List the prime factors of 1259.
1259
What are the prime factors of 71412?
2, 3, 11, 541
List the prime factors of 8551.
17, 503
List the prime factors of 2596.
2, 11, 59
What are the prime factors of 9418?
2, 17, 277
List the prime factors of 953.
953
List the prime factors of 3448.
2, 431
List the prime factors of 5611.
31, 181
What are the prime factors of 87986?
2, 29, 37, 41
What are the prime factors of 22897?
7, 3271
What are the prime factors of 12?
2, 3
What are the prime factors of 14731?
14731
What are the prime factors of 4063?
17, 239
List the prime factors of 44029.
44029
What are the prime factors of 1729?
7, 13, 19
What are the prime factors of 5584?
2, 349
What are the prime factors of 5361?
3, 1787
List the prime factors of 3821.
3821
List the prime factors of 90202.
2, 7, 17, 379
List the prime factors of 1318.
2, 659
What are the prime factors of 28769?
13, 2213
List the prime factors of 1501.
19, 79
List the prime factors of 248.
2, 31
List the prime factors of 28716.
2, 3, 2393
List the prime factors of 89214.
2, 3, 14869
What are the prime factors of 5932?
2, 1483
List the prime factors of 14857.
83, 179
List the prime factors of 1899.
3, 211
List the prime factors of 879.
3, 293
What are the prime factors of 13582?
2, 6791
What are the prime factors of 38545?
5, 13, 593
List the prime factors of 4719.
3, 11, 13
What are the prime factors of 814?
2, 11, 37
What are the prime factors of 196228?
2, 49057
List the prime factors of 113439.
3, 37813
List the prime factors of 75266.
2, 37633
What are the prime factors of 741?
3, 13, 19
What are the prime factors of 347?
347
List the prime factors of 50877.
3, 5653
What are the prime factors of 488?
2, 61
List the prime factors of 7023.
3, 2341
List the prime factors of 1369.
37
List the prime factors of 1506.
2, 3, 251
List the prime factors of 639.
3, 71
What are the prime factors of 8674?
2, 4337
What are the prime factors of 2053?
2053
What are the prime factors of 1877?
1877
List the prime factors of 1570.
2, 5, 157
What are the prime factors of 10240?
2, 5
What are the prime factors of 57777?
3, 19259
What are the prime factors of 1146?
2, 3, 191
What are the prime factors of 911?
911
What are the prime factors of 2132?
2, 13, 41
List the prime factors of 606.
2, 3, 101
List the prime factors of 7282.
2, 11, 331
What are the prime factors of 9828?
2, 3, 7, 13
List the prime factors of 16745.
5, 17, 197
What are the prime factors of 6392?
2, 17, 47
What are the prime factors of 461?
461
What are the prime factors of 2791?
2791
List the prime factors of 53003.
53003
List the prime factors of 35220.
2, 3, 5, 587
List the prime factors of 13273.
13, 1021
List the prime factors of 8818.
2, 4409
What are the prime factors of 68504?
2, 8563
List the prime factors of 13578.
2, 3, 31, 73
List the prime factors of 226.
2, 113
What are the prime factors of 2346?
2, 3, 17, 23
What are the prime factors of 4946?
2, 2473
What are the prime factors of 42993?
3, 17, 281
List the prime factors of 213.
3, 71
List the prime factors of 738.
2, 3, 41
List the prime factors of 1675.
5, 67
What are the prime factors of 23448?
2, 3, 977
List the prime factors of 1492.
2, 373
List the prime factors of 57968.
2, 3623
What are the prime factors of 662?
2, 331
List the prime factors of 17814.
2, 3, 2969
List the prime factors of 1521.
3, 13
What are the prime factors of 7827?
3, 2609
List the prime factors of 6323.
6323
List the prime factors of 1244.
2, 311
List the prime factors of 85087.
85087
What are the prime factors of 10823?
79, 137
What are the prime factors of 158198?
2, 83, 953
List the prime factors of 4087.
61, 67
What are the prime factors of 429?
3, 11, 13
List the prime factors of 65031.
3, 53, 409
List the prime factors of 24855.
3, 5, 1657
List the prime factors of 179.
179
List the prime factors of 4223.
41, 103
What are the prime factors of 110?
2, 5, 11
What are the prime factors of 6670?
2, 5, 23, 29
List the prime factors of 13064.
2, 23, 71
List the prime factors of 1342.
2, 11, 61
List the prime factors of 79512.
2, 3, 3313
What are the prime factors of 10274?
2, 11, 467
List the prime factors of 56